r of c and d.
8
Let h(q) = q**3 - 7*q**2 - q + 9. Let i be h(7). Let b(o) = -i + 5*o - 6 - 3*o + 2. Let j be b(9). What is the greatest common factor of 30 and j?
6
Let l be 2*38 - (-11 + 15). What is the highest common factor of l and 24?
24
Suppose 0 = -30*c + 28*c + 38. Let y(a) = -a**3 - a + 19. Let l be y(0). What is the greatest common factor of l and c?
19
Let c be 68/12 + (-2)/(-6). Let x(a) = a**3 - 6*a**2 + a + 12. Let g be x(6). Calculate the greatest common divisor of g and c.
6
Let d(s) = -s**2 + s - 7. Let v be d(0). Let x be (14/4)/(v/(-14)). Suppose 52 + 18 = 5*p. Calculate the highest common factor of x and p.
7
Let m(s) = -4*s - 5. Suppose -4*r + 4*l = -8, -r + 2*l - 2 = 4*r. Let i be m(r). Calculate the highest common factor of 21 and i.
3
Let g = -101 - -194. Let z be 2*-1 + (g - 1). What is the greatest common divisor of z and 15?
15
Let k be 37/7 - (-2)/(-7). What is the highest common factor of 45 and k?
5
Let y be ((-1)/2)/((-12)/720). What is the greatest common divisor of 10 and y?
10
Let h(w) = -13*w + 8. Let n(o) = -144*o + 88. Let d(l) = 32*h(l) - 3*n(l). Let s be d(6). Calculate the greatest common factor of s and 11.
11
Let g be (-8)/(-12)*27/2. Suppose -37 = -2*v + 161. What is the highest common divisor of v and g?
9
Suppose -10 = -4*w + 10. Suppose -r + s + 79 = 0, w*r + 76 = 6*r - 4*s. What is the greatest common divisor of 32 and r?
16
Let k(x) = x**2 + x + 80. Let n = 16 + -26. Let a be (-2)/(-5) + n/25. Let t be k(a). What is the highest common divisor of t and 10?
10
Suppose 3*z - 27 = -4*j, 2*j + 0*j + 2*z = 14. Let x be (-88)/(-6) + 2/j. What is the greatest common divisor of 10 and x?
5
Let c(k) be the second derivative of k**3/6 + 59*k**2/2 - 3*k. Let d be c(0). Suppose -d - 53 = -a. Calculate the greatest common divisor of 14 and a.
14
Suppose 4 = -0*q - 4*q. Let f(k) = -3*k**3 + 1. Let g be f(q). Let a(l) = l**2 - 12*l - 9. Let j be a(13). Calculate the greatest common factor of j and g.
4
Suppose 3*h - 5*g = 0, 0 = -4*h - 2*g - g. Suppose -4*w + 2*w + 12 = h. Calculate the greatest common divisor of 30 and w.
6
Let n be 1280/(-24)*(-48)/10. Suppose -3*o + 372 = -3*u, -u + 5*u + n = 2*o. Calculate the greatest common divisor of o and 24.
24
Suppose 5*a + f - 148 = -f, 0 = 4*a + 5*f - 115. What is the greatest common divisor of a and 150?
30
Suppose 0*f - f + 15 = 0. Suppose 2*o + 5*p - 10 = 5*o, -2*o + f = p. Let y be o + (-3)/(0 - -3). What is the highest common factor of y and 4?
4
Let h be 28/(-182) + 1042/13. Let f be (-11 - -1) + 1 + 0. Let p = 19 + f. Calculate the greatest common factor of h and p.
10
Suppose 281 = 2*s - 3*c, -2*s + 3*s - 3*c = 148. Let l be 47/(-2) - 5/10. Let o = l - -43. Calculate the greatest common divisor of o and s.
19
Suppose -a - j + 120 = -0*a, -j = -a + 118. Let n(u) = 4*u + 1. Let p be n(1). Suppose p*v - 72 = 13. What is the greatest common factor of a and v?
17
Suppose 122 + 25 = y. Calculate the highest common divisor of y and 21.
21
Let s(z) = 37*z - 2. Let k be s(1). What is the highest common divisor of k and 5?
5
Let y(z) be the third derivative of z**5/60 - z**4/6 + 2*z**3/3 + z**2. Let d be y(4). Calculate the greatest common factor of d and 20.
4
Let r be ((-6)/(-18))/((-1)/(-309)). Suppose -c + 46 = 2*a, -r - 49 = -3*c + a. What is the greatest common factor of 20 and c?
10
Let c be 48 - (-3 - (-3 - -1)). Let k be (2 - 9)*2/(-2). Calculate the greatest common divisor of c and k.
7
Suppose 0 = -d + 4 + 6. What is the greatest common divisor of d and 10?
10
Suppose -4*c - 12 = 0, 0 = m - 2*c - 14 - 6. Calculate the greatest common divisor of m and 2.
2
Let a be (3/2)/((-15)/(-40)). Suppose -126 = y - a*y. What is the greatest common factor of 14 and y?
14
Suppose 0 = n + 24 - 29. Calculate the highest common factor of n and 55.
5
Suppose 5*j + 38 = -22. Let t = 17 + j. What is the greatest common factor of 55 and t?
5
Let m be (-4 - -2 - -3)*10. Calculate the highest common factor of m and 15.
5
Let r be ((-6)/5)/(21/(-910)). Let x = r + 14. Calculate the greatest common divisor of x and 6.
6
Suppose -5*u + 19 = -11. Let j be (-6 - -4)/((-4)/u). Let n be (-4)/j*(-105)/14. Calculate the greatest common factor of n and 5.
5
Suppose -4*f = -85 - 239. What is the highest common factor of 9 and f?
9
Let c(h) = h. Let x(m) = -m**2 - 6*m + 4. Let a(p) = -6*c(p) + x(p). Let k be a(-12). Calculate the highest common divisor of k and 1.
1
Suppose -86 = -2*m + 94. Let g(h) = h**3 - 6*h**2 + 4*h + 7. Let n be g(5). Suppose n*w = 7*w - 45. Calculate the highest common divisor of w and m.
9
Suppose 0 = -3*d - 5*z + 123, -3*d = z - 98 - 37. Let b = 52 - 29. Calculate the greatest common divisor of b and d.
23
Let i(l) be the first derivative of l**3/3 - l**2 - 3*l - 8. Let y be i(6). Calculate the greatest common divisor of y and 168.
21
Suppose -2*t + 30 - 12 = 0. Let l be (-2 + -1)*6/t. Let k be -1 + -1 - 212/l. Calculate the greatest common factor of 13 and k.
13
Let g(t) = 4*t - 19. Let n be g(9). Let r = 53 + n. Suppose -4*a - 1 = -41. Calculate the greatest common factor of r and a.
10
Let f = -10 + 13. Let a be f - (0 - 1 - 1). What is the greatest common divisor of 45 and a?
5
Suppose 2*y = 6*y - 516. Let q be -2 + y + (-7 - -5). What is the greatest common divisor of 25 and q?
25
Let g be 2 + 0 - (-6 + -1). Let i(h) = h**3 + 12*h**2 + 22*h + 18. Let r be i(-9). Calculate the greatest common factor of r and g.
9
Let u be (-10)/45 + 1/((-18)/(-76)). What is the highest common factor of u and 20?
4
Suppose 4*m - 20 = 0, -m + 213 - 58 = 5*j. Let o = -14 + j. Calculate the highest common divisor of o and 176.
16
Suppose 26 = 3*s - 1. Let d be ((-4)/(-7))/((-8)/(-28)). Let z(j) = 14*j - 1. Let c be z(d). Calculate the highest common factor of c and s.
9
Suppose 0 = -4*p + 52 + 16. Suppose 0*v + v = -3*d + p, 2*d + 4*v = 28. Suppose -4*x - d = -20. Calculate the highest common factor of x and 4.
4
Let y(z) = z**2 + 7*z + 5. Let g be y(-5). Let v = g - -10. Let a(h) = h - 4. Let b be a(6). What is the highest common divisor of v and b?
1
Let s(q) = -q**3 - 2*q**2 + 6*q + 2. Let g be s(-5). Let i = 49 - 15. Let v = g - i. What is the highest common divisor of 39 and v?
13
Let i be 3*(-4)/(-6)*35/7. Calculate the greatest common factor of 10 and i.
10
Suppose 0 = -5*q + 9 + 1, 422 = 5*l - 4*q. Let u = -38 + l. Calculate the highest common factor of u and 16.
16
Let o(g) = -g**2 - 4*g. Let c be o(-2). Suppose c*q - q - 74 = -4*r, q + 3*r = 33. Calculate the highest common divisor of q and 18.
18
Let d be 221/5 - 3/15. Calculate the highest common divisor of d and 4.
4
Suppose -6*i + 3*i - 5*w + 739 = 0, -3*w - 3 = 0. Calculate the greatest common divisor of i and 31.
31
Suppose -5*l = 2*r - r - 50, 4*r - 30 = -3*l. Let b = 1 + 14. Calculate the greatest common factor of l and b.
5
Suppose -97 = -8*j - 1. Let c = -203 - -311. Calculate the greatest common factor of j and c.
12
Let u be (56/3)/(3*(-14)/(-315)). Calculate the greatest common divisor of u and 84.
28
Let z(f) = -f + f**2 + 3*f - 3*f - 2. Let g be z(2). Let b be g + 8 + (0 - 2). Calculate the greatest common divisor of 60 and b.
6
Let q = -5 - -5. Let b be (q - 3)/(3/(-14)). What is the greatest common factor of b and 70?
14
Let p be (-2 - -5) + 394/2. Calculate the highest common divisor of 25 and p.
25
Let i(h) = h**2 - 8*h + 14. Let f be i(6). Calculate the greatest common factor of f and 2.
2
Let t be (105/(-10))/((-2)/4). Calculate the highest common factor of t and 84.
21
Suppose -3*x + a + 854 = 0, -7*a = -5*x - 6*a + 1426. What is the highest common divisor of 26 and x?
26
Suppose 5*h + 9 = 2*z, -4*z + 3*h + h + 36 = 0. What is the highest common factor of 84 and z?
12
Suppose 64 = 4*t - 104. Calculate the highest common factor of t and 14.
14
Let l(z) = 17*z**2 - 7*z + 6. Let m be l(1). What is the greatest common factor of 4 and m?
4
Let a = -13 + 153. Calculate the highest common factor of 20 and a.
20
Let i(v) = -7*v**2 - 2*v - 1. Let r be i(2). Let h = -23 - r. Let a be 31 - -1 - (1 - -1). What is the highest common divisor of a and h?
10
Let i(a) = -a**2 + 3*a - 8. Let n be i(7). Let x be (-2 + 1)/(1/n). Calculate the highest common divisor of 6 and x.
6
Let r be ((-13)/(-2))/((-1)/(-2)). Let